 prime number?
True
Is 59356061 a composite number?
True
Is 3765367 composite?
False
Is 34057039 composite?
True
Is 23508391 a composite number?
False
Is 257543603 a prime number?
True
Is 453820313 composite?
True
Is 1649869 composite?
True
Is 52070639 a prime number?
True
Is 25437233 composite?
False
Is 6161761 prime?
True
Is 2074801 a prime number?
True
Is 2332901 prime?
False
Is 38519629 composite?
True
Is 32630759 a composite number?
True
Is 306499 a prime number?
False
Is 88772611 a composite number?
True
Is 15307333 prime?
True
Is 25108207 composite?
True
Is 1246597 a prime number?
False
Is 6885299 a composite number?
True
Is 1476457 a composite number?
False
Is 10715821 composite?
True
Is 151340537 prime?
False
Is 66806561 composite?
False
Is 241190633 a composite number?
True
Is 4363829 prime?
True
Is 662819 composite?
False
Is 23150291 a prime number?
True
Is 159743 a prime number?
False
Is 12444269 a composite number?
True
Is 228346709 prime?
True
Is 7433767 a composite number?
True
Is 170582018 a prime number?
False
Is 1782997 prime?
True
Is 975901 prime?
True
Is 4290487 a composite number?
False
Is 117721 a prime number?
True
Is 75968587 composite?
False
Is 7208099 a prime number?
True
Is 1142447 prime?
False
Is 57436331 composite?
False
Is 53488391 prime?
False
Is 4826807 prime?
False
Is 3404431 a composite number?
False
Is 4379437 prime?
True
Is 6965681 prime?
True
Is 15111959 prime?
False
Is 1747939 prime?
True
Is 75395581 prime?
True
Is 1312717 composite?
True
Is 1286953 prime?
True
Is 6781927 a composite number?
True
Is 142992263 prime?
True
Is 855157 a composite number?
True
Is 291169733 a prime number?
False
Is 3786227 a prime number?
False
Is 822431 composite?
False
Is 153413 a prime number?
False
Is 110647531 a composite number?
False
Is 15033611 composite?
True
Is 72716099 a composite number?
False
Is 276058363 a prime number?
False
Is 237449893 a prime number?
True
Is 11715271 prime?
True
Is 44651209 composite?
False
Is 616683686 composite?
True
Is 918919 prime?
False
Is 2028319 a composite number?
False
Is 1330067 a prime number?
False
Is 4076183 prime?
True
Is 9471419 prime?
False
Is 1768611237 a composite number?
True
Is 5644733 composite?
False
Is 941254 composite?
True
Is 48279709 a composite number?
True
Is 9558829 composite?
True
Is 6883473 composite?
True
Is 7252549 a prime number?
False
Is 213908489 a composite number?
False
Is 10627853 prime?
True
Is 20309677 a composite number?
True
Is 100940351 a composite number?
True
Is 3052717 prime?
True
Is 67963547 prime?
True
Is 177811265 composite?
True
Is 19177287 composite?
True
Is 251551 a composite number?
True
Is 630203831 a prime number?
False
Is 15748441 composite?
False
Is 1007845483 a composite number?
True
Is 28252529 a prime number?
False
Is 137107583 a prime number?
True
Is 1195979 a composite number?
False
Is 817679 a prime number?
True
Is 31892327 a prime number?
True
Is 251583041 prime?
True
Is 8347483 a prime number?
True
Is 12402577 a composite number?
True
Is 56776817 a prime number?
True
Is 87023239 composite?
False
Is 84917981 prime?
True
Is 6202951 a prime number?
False
Is 230803187 a prime number?
True
Is 540961 prime?
True
Is 21620227 composite?
False
Is 1953781 a prime number?
False
Is 158321771 a prime number?
True
Is 52297717 prime?
True
Is 9698053 composite?
False
Is 12358807 prime?
False
Is 29024133 prime?
False
Is 916697 prime?
False
Is 341449 composite?
True
Is 123511021 a composite number?
True
Is 10751915 a prime number?
False
Is 22525429 a prime number?
False
Is 282009989 a prime number?
False
Is 17937361 a composite number?
True
Is 14200679 prime?
True
Is 119220449 a prime number?
True
Is 1477291 a composite number?
False
Is 25172911 composite?
False
Is 63796633 prime?
False
Is 155938921 prime?
False
Is 417007 composite?
False
Is 33371759 prime?
True
Is 10314643 composite?
False
Is 45023663 prime?
True
Is 8602123 prime?
False
Is 300945913 a prime number?
True
Is 828479 prime?
False
Is 582031 composite?
False
Is 19863257 a composite number?
False
Is 434794 a prime number?
False
Is 57667301 a composite number?
True
Is 3577891 a composite number?
False
Is 4188991 a composite number?
False
Is 1473110227 prime?
True
Is 47955847 a prime number?
True
Is 1457671 a prime number?
False
Is 327925391 composite?
False
Is 12805049 composite?
False
Is 1885505511 prime?
False
Is 2198447 a prime number?
True
Is 671299 a composite number?
False
Is 6676123 composite?
False
Is 2304179 prime?
True
Is 2103239 prime?
True
Is 56174123 composite?
False
Is 8838677 prime?
True
Is 25495094 prime?
False
Is 43835647 a composite number?
False
Is 8180911 prime?
True
Is 109189793 prime?
False
Is 14909941 a prime number?
True
Is 6652001 composite?
False
Is 149875441 composite?
False
Is 6447479 composite?
True
Is 2191339 a prime number?
True
Is 1249503097 a prime number?
True
Is 225095821 composite?
False
Is 5842387 composite?
False
Is 20875594 a composite number?
True
Is 1106183 prime?
False
Is 57340181 a composite number?
True
Is 3785739 a prime number?
False
Is 1133621 prime?
True
Is 185364601 a prime number?
False
Is 9155933 a prime number?
True
Is 204635 composite?
True
Is 1455523 a prime number?
False
Is 1848907 a prime number?
True
Is 9780647 a composite number?
False
Is 73037777 composite?
False
Is 4595029 a prime number?
False
Is 8308219 prime?
True
Is 19770061 composite?
False
Is 47232217 composite?
True
Is 41724607 composite?
False
Is 45390931 a composite number?
False
Is 6820885 composite?
True
Is 339040063 composite?
False
Is 1409413 composite?
True
Is 14721197 a composite number?
False
Is 432169627 a composite number?
False
Is 358674067 a composite number?
False
Is 421781623 a prime number?
False
Is 29782085 a composite number?
True
Is 1727819 composite?
False
Is 8491969 prime?
True
Is 103312969 composite?
False
Is 45900091 prime?
False
Is 43969423 composite?
True
Is 22802951 prime?
False
Is 105419513 a prime number?
True
Is 27712409 prime?
True
Is 39359033 prime?
False
Is 129746731 a composite number?
True
Is 1825535 prime?
False
Is 51767861 a prime number?
False
Is 23719 composite?
False
Is 326831 prime?
True
Is 239119 prime?
True
Is 4492627 a composite number?
False
Is 323413 composite?
False
Is 36684502 a prime number?
False
Is 2769818 a prime number?
False
Is 749185 prime?
False
Is 348499 a composite number?
True
Is 93135557 composite?
False
Is 2430131617 a composite number?
False
Is 7283957 prime?
False
Is 99653 prime?
False
Is 82460057 prime?
False
Is 160967 a composite number?
False
Is 200840765 prime?
False
Is 167472113 a composite number?
False
Is 124345901 a prime number?
True
Is 85582349 a composite number?
True
Is 5419851 a prime number?
False
Is 4701239 composite?
False
Is 12168689 a prime number?
False
Is 1781303 a composite number?
True
Is 33086629 a prime number?
True
Is 25920238 composite?
True
Is 509976871 prime?
False
Is 702239 a prime number?
True
Is 12522041 a composite number?
True
Is 33117371 prime?
False
Is 15863038 a composite number?
True
Is 59264182 composite?
True
Is 8581831 prime?
False
Is 1936883 a composite number?
True
Is 7306531 a prime number?
True
Is 1592398127 a prime number?
True
Is 10995121 prime?
True
Is 1409089 a prime number?
False
Is 144244603 composite?
True
Is 7489201 a composite number?
False
Is 43314461 composite?
False
Is 72452057 a prime number?
True
Is 65868221 prime?
True
Is 58631821 composite?
False
Is 3202663 composite?
False
Is 19744639 composite?
False
Is 1941167 a prime number?
False
Is 11675915 composite?
True
Is 3537327 a prime number?
False
Is 2598419 prime?
False
Is 9895183 a composite number?
False
Is 9677953 prime?
True
Is 3899411 a composite number?
False
Is 1603739 prime?
False
Is 15167507 a prime number?
True
Is 232706207 composite?
True
Is 18968153 a composite number?
False
Is 11838149 a prime number?
False
Is 16005511 a composite number?
True
Is 270385354 a composite number?
True
Is 579914051 a composite number?
False
Is 9821797 a composite number?
False
Is 794183 composite?
True
Is 188515403 a prime number?
True
Is 71548729 prime?
False
Is 363941 a prime number?
True
Is 833633 a composite number?
False
Is 16936123 a composite number?
True
Is 243178157 composite?
True
Is 151471 a prime